{"id":15,"date":"2020-12-26T11:03:37","date_gmt":"2020-12-26T10:03:37","guid":{"rendered":"https:\/\/www.locus-solus.org\/?page_id=15"},"modified":"2020-12-26T11:03:37","modified_gmt":"2020-12-26T10:03:37","slug":"actualite","status":"publish","type":"page","link":"https:\/\/www.locus-solus.org\/index.php\/actualite\/","title":{"rendered":"Actualit\u00e9"},"content":{"rendered":"\n<figure class=\"wp-block-image size-large\"><img loading=\"lazy\" decoding=\"async\" width=\"800\" height=\"566\" src=\"https:\/\/www.locus-solus.org\/wp-content\/uploads\/2020\/12\/AfficheAudeetsespoetes2019_1.jpg\" alt=\"\" class=\"wp-image-7\" srcset=\"https:\/\/www.locus-solus.org\/wp-content\/uploads\/2020\/12\/AfficheAudeetsespoetes2019_1.jpg 800w, https:\/\/www.locus-solus.org\/wp-content\/uploads\/2020\/12\/AfficheAudeetsespoetes2019_1-300x212.jpg 300w, https:\/\/www.locus-solus.org\/wp-content\/uploads\/2020\/12\/AfficheAudeetsespoetes2019_1-768x543.jpg 768w, https:\/\/www.locus-solus.org\/wp-content\/uploads\/2020\/12\/AfficheAudeetsespoetes2019_1-600x425.jpg 600w\" sizes=\"auto, (max-width: 800px) 100vw, 800px\" \/><\/figure>\n\n\n\n<p>Pr\u00e9sentation et lecture des po\u00e8tes de l&rsquo;Aude.<br>Quels po\u00e8tes? D&rsquo;o\u00f9 sont-ils? De Moux? Carcassonne? Narbonne? Fabrezan?<br>Hommage \u00e0 Jean Lebrau, Paul Pugnaud, Joe Bousquet, Joseph Delteil, Charles Trenet, Peire Vidal, Charles Cros, Pierre Reverdy, Ren\u00e9 Depestre et quelques autres<\/p>\n\n\n\n<p>Avec : l&rsquo;association Livre au Vent, la librairie Le Nom de l&rsquo;homme (Lagrasse), le po\u00e8te R\u00e9my des Corbi\u00e8res, le groupe de lecteurs du Printemps des Po\u00e8tes de Palairac, Villerouge-Termenes, Tuchan, Albas, Fontjoncouse.<br>La participation de la mairie de Fontjoncouse, la collaboration de ses jeunes vignerons (Domaine Femenias, Domaine Couchalou).<\/p>\n\n\n\n<p>O\u00f9? Au Foyer de Fontjoncouse (route de Coustouge)<br>Quand? Le samedi 12 octobre \u00e0 partir de 18h<\/p>\n\n\n\n<p>Pr\u00e9sentation (18h), pause gourmande (19h), lectures par le groupe du Printemps des Po\u00e8tes (20h), sc\u00e8ne ouverte.<\/p>\n\n\n\n<p>Contact :\u00a0<a href=\"mailto:locus.smile@gmail.com\">locus.smile@gmail.com<\/a><\/p>\n\n\n\n<figure class=\"wp-block-image size-large\"><img loading=\"lazy\" decoding=\"async\" width=\"800\" height=\"564\" src=\"https:\/\/www.locus-solus.org\/wp-content\/uploads\/2020\/12\/FLYER400_1.jpg\" alt=\"\" class=\"wp-image-16\" srcset=\"https:\/\/www.locus-solus.org\/wp-content\/uploads\/2020\/12\/FLYER400_1.jpg 800w, https:\/\/www.locus-solus.org\/wp-content\/uploads\/2020\/12\/FLYER400_1-300x212.jpg 300w, https:\/\/www.locus-solus.org\/wp-content\/uploads\/2020\/12\/FLYER400_1-768x541.jpg 768w, https:\/\/www.locus-solus.org\/wp-content\/uploads\/2020\/12\/FLYER400_1-600x423.jpg 600w\" sizes=\"auto, (max-width: 800px) 100vw, 800px\" \/><\/figure>\n\n\n\n<p>CONCOURS DE POESIE<\/p>\n\n\n\n<p>sur le th\u00e8me : \u00ab\u00eele ou aile\u00bb.<\/p>\n\n\n\n<p>Lecture et remise des prix dans le cadre de la manifestation \u00abl&rsquo;Aude et ses po\u00e8tes\u00bb.<\/p>\n\n\n\n<p>Un hommage sera rendu \u00e0 Ren\u00e9 Depestre le 13 octobre 2018 \u00e0 Fontjoncouse (Foyer Bernard Boquet) \u00e0 partir de 18h.<\/p>\n\n\n\n<p>Le concours est ouvert \u00e0 tous, et \u00e0 toutes les formes d&rsquo;expression.<\/p>\n\n\n\n<p>Chaque participant peut envoyer ses textes (3 au maximum)\u00e0 l&rsquo;association Livre au Vent<\/p>\n\n\n\n<p>5, chemin de Plaisance 11360 Fontjoncouse, en indiquant lisiblement son nom, ses coordonn\u00e9es postales, t\u00e9l\u00e9phoniques ou \u00e9lectroniques.<\/p>\n\n\n\n<p>Un ch\u00e8que de dix euros \u00e0 l&rsquo;ordre de l&rsquo;association Livre au Vent doit accompagner cet envoi.<\/p>\n\n\n\n<p>Les textes s\u00e9lectionn\u00e9s seront lus en public, une publication des textes envoy\u00e9s sera remise aux participants.<\/p>\n\n\n\n<p>1ier prix: un lot d&rsquo;ouvrages autour de Ren\u00e9 Depestre et d&rsquo;Ha\u00efti et des produits locaux.<\/p>\n\n\n\n<p>Date limite d&rsquo;envoi : 30 septembre 2018<\/p>\n\n\n\n<p>Contact :\u00a0<a href=\"mailto:locus.smile@gmail.com\">locus.smile@gmail.com<\/a><\/p>\n\n\n\n<figure class=\"wp-block-image size-large\"><img loading=\"lazy\" decoding=\"async\" width=\"640\" height=\"451\" src=\"https:\/\/www.locus-solus.org\/wp-content\/uploads\/2020\/12\/flyer10640.jpg\" alt=\"\" class=\"wp-image-17\" srcset=\"https:\/\/www.locus-solus.org\/wp-content\/uploads\/2020\/12\/flyer10640.jpg 640w, https:\/\/www.locus-solus.org\/wp-content\/uploads\/2020\/12\/flyer10640-300x211.jpg 300w, https:\/\/www.locus-solus.org\/wp-content\/uploads\/2020\/12\/flyer10640-600x423.jpg 600w\" sizes=\"auto, (max-width: 640px) 100vw, 640px\" \/><\/figure>\n\n\n\n<p>Concours de Po\u00e9sie 2017<\/p>\n\n\n\n<p>\u00ab Ce qui nous relie \u00bb<\/p>\n\n\n\n<p>L\u2019association Livre au vent, 5, chemin de Plaisance 11360 Fontjoncouse organise un concours de po\u00e9sie ouvert \u00e0 toutes les formes d\u2019expression.<\/p>\n\n\n\n<p>Remise des prix, le 7 octobre 2017 \u00e0 Fontjoncouse, dans le cadre de la manifestation \u201c Le Vin se Livre, L\u2019Aude et ses po\u00e8tes\u201d.La journ\u00e9e sera enti\u00e8rement d\u00e9di\u00e9e \u00e0 la po\u00e9sie, avec des rencontres, des lectures, de la musique, et rendra hommage aux po\u00e8tes de l\u2019Aude, vivants et disparus.<\/p>\n\n\n\n<p>Les gagnants recevront plusieurs lots (des livres, du vin\u2026) les textes s\u00e9lectionn\u00e9s par le jury seront publi\u00e9s dans un ouvrage collectif.<\/p>\n\n\n\n<p>Conditions : envoyer jusqu\u2019au 30 ao\u00fbt 2017 \u00e0 l\u2019association Livre au Vent (5, chemin de Plaisance 11360 Fontjoncouse) deux textes dactylographi\u00e9s, indiquer au verso : nom, pr\u00e9nom, adresse postale et adresse \u00e9lectronique, en y joignant une participation de 10 euros. Pour tout renseignement :&nbsp;<a href=\"mailto:locus.smile@gmail.com\">locus.smile@gmail.com<\/a><\/p>\n\n\n\n<p>Bien \u00e0 vous tous dans l\u2019attente de vous lire !<\/p>\n\n\n\n<p>La pr\u00e9sidente de Livre au Vent<\/p>\n\n\n\n<figure class=\"wp-block-image size-large\"><img loading=\"lazy\" decoding=\"async\" width=\"368\" height=\"479\" src=\"https:\/\/www.locus-solus.org\/wp-content\/uploads\/2020\/12\/IMG_695201.jpg\" alt=\"\" class=\"wp-image-18\" srcset=\"https:\/\/www.locus-solus.org\/wp-content\/uploads\/2020\/12\/IMG_695201.jpg 368w, https:\/\/www.locus-solus.org\/wp-content\/uploads\/2020\/12\/IMG_695201-230x300.jpg 230w\" sizes=\"auto, (max-width: 368px) 100vw, 368px\" \/><\/figure>\n\n\n\n<figure class=\"wp-block-image size-large\"><img loading=\"lazy\" decoding=\"async\" width=\"510\" height=\"680\" src=\"https:\/\/www.locus-solus.org\/wp-content\/uploads\/2020\/12\/IMG_694700.jpg\" alt=\"\" class=\"wp-image-19\" srcset=\"https:\/\/www.locus-solus.org\/wp-content\/uploads\/2020\/12\/IMG_694700.jpg 510w, https:\/\/www.locus-solus.org\/wp-content\/uploads\/2020\/12\/IMG_694700-225x300.jpg 225w, https:\/\/www.locus-solus.org\/wp-content\/uploads\/2020\/12\/IMG_694700-450x600.jpg 450w\" sizes=\"auto, (max-width: 510px) 100vw, 510px\" \/><\/figure>\n\n\n\n<figure class=\"wp-block-image size-large\"><img loading=\"lazy\" decoding=\"async\" width=\"549\" height=\"798\" src=\"https:\/\/www.locus-solus.org\/wp-content\/uploads\/2020\/12\/affiche_juin_2.jpg\" alt=\"\" class=\"wp-image-20\" srcset=\"https:\/\/www.locus-solus.org\/wp-content\/uploads\/2020\/12\/affiche_juin_2.jpg 549w, https:\/\/www.locus-solus.org\/wp-content\/uploads\/2020\/12\/affiche_juin_2-206x300.jpg 206w, https:\/\/www.locus-solus.org\/wp-content\/uploads\/2020\/12\/affiche_juin_2-413x600.jpg 413w\" sizes=\"auto, (max-width: 549px) 100vw, 549px\" \/><\/figure>\n\n\n\n<figure class=\"wp-block-image size-large\"><img loading=\"lazy\" decoding=\"async\" width=\"640\" height=\"480\" src=\"https:\/\/www.locus-solus.org\/wp-content\/uploads\/2020\/12\/Flore_Nazelle00.jpg\" alt=\"\" class=\"wp-image-21\" srcset=\"https:\/\/www.locus-solus.org\/wp-content\/uploads\/2020\/12\/Flore_Nazelle00.jpg 640w, https:\/\/www.locus-solus.org\/wp-content\/uploads\/2020\/12\/Flore_Nazelle00-300x225.jpg 300w, https:\/\/www.locus-solus.org\/wp-content\/uploads\/2020\/12\/Flore_Nazelle00-600x450.jpg 600w\" sizes=\"auto, (max-width: 640px) 100vw, 640px\" \/><\/figure>\n","protected":false},"excerpt":{"rendered":"<p>Pr\u00e9sentation et lecture des po\u00e8tes de l&rsquo;Aude.Quels po\u00e8tes? D&rsquo;o\u00f9 sont-ils? De Moux? Carcassonne? Narbonne? Fabrezan?Hommage \u00e0 Jean Lebrau, Paul Pugnaud, Joe Bousquet, Joseph Delteil, Charles Trenet, Peire Vidal, Charles Cros, Pierre Reverdy, Ren\u00e9 Depestre et quelques autres Avec : l&rsquo;association Livre au Vent, la librairie Le Nom de l&rsquo;homme (Lagrasse), le po\u00e8te R\u00e9my des Corbi\u00e8res,<a class=\"moretag\" href=\"https:\/\/www.locus-solus.org\/index.php\/actualite\/\">Read more<\/a><\/p>\n","protected":false},"author":1,"featured_media":0,"parent":0,"menu_order":0,"comment_status":"closed","ping_status":"closed","template":"","meta":{"footnotes":""},"class_list":["post-15","page","type-page","status-publish","hentry"],"_links":{"self":[{"href":"https:\/\/www.locus-solus.org\/index.php\/wp-json\/wp\/v2\/pages\/15","targetHints":{"allow":["GET"]}}],"collection":[{"href":"https:\/\/www.locus-solus.org\/index.php\/wp-json\/wp\/v2\/pages"}],"about":[{"href":"https:\/\/www.locus-solus.org\/index.php\/wp-json\/wp\/v2\/types\/page"}],"author":[{"embeddable":true,"href":"https:\/\/www.locus-solus.org\/index.php\/wp-json\/wp\/v2\/users\/1"}],"replies":[{"embeddable":true,"href":"https:\/\/www.locus-solus.org\/index.php\/wp-json\/wp\/v2\/comments?post=15"}],"version-history":[{"count":1,"href":"https:\/\/www.locus-solus.org\/index.php\/wp-json\/wp\/v2\/pages\/15\/revisions"}],"predecessor-version":[{"id":22,"href":"https:\/\/www.locus-solus.org\/index.php\/wp-json\/wp\/v2\/pages\/15\/revisions\/22"}],"wp:attachment":[{"href":"https:\/\/www.locus-solus.org\/index.php\/wp-json\/wp\/v2\/media?parent=15"}],"curies":[{"name":"wp","href":"https:\/\/api.w.org\/{rel}","templated":true}]}}

Actualité

<figure class="wp-block-image size-large"><img loading="lazy" decoding="async" width="800" height="566" src="https://www.locus-solus.org/wp-content/uploads/2020/12/AfficheAudeetsespoetes2019_1.jpg" alt="" class="wp-image-7" srcset="https://www.locus-solus.org/wp-content/uploads/2020/12/AfficheAudeetsespoetes2019_1.jpg 800w, https://www.locus-solus.org/wp-content/uploads/2020/12/AfficheAudeetsespoetes2019_1-300x212.jpg 300w, https://www.locus-solus.org/wp-content/uploads/2020/12/AfficheAudeetsespoetes2019_1-768x543.jpg 768w, https://www.locus-solus.org/wp-content/uploads/2020/12/AfficheAudeetsespoetes2019_1-600x425.jpg 600w" sizes="auto, (max-width: 800px) 100vw, 800px" /></figure>



<p>Présentation et lecture des poètes de l&rsquo;Aude.<br>Quels poètes? D&rsquo;où sont-ils? De Moux? Carcassonne? Narbonne? Fabrezan?<br>Hommage à Jean Lebrau, Paul Pugnaud, Joe Bousquet, Joseph Delteil, Charles Trenet, Peire Vidal, Charles Cros, Pierre Reverdy, René Depestre et quelques autres</p>



<p>Avec : l&rsquo;association Livre au Vent, la librairie Le Nom de l&rsquo;homme (Lagrasse), le poète Rémy des Corbières, le groupe de lecteurs du Printemps des Poètes de Palairac, Villerouge-Termenes, Tuchan, Albas, Fontjoncouse.<br>La participation de la mairie de Fontjoncouse, la collaboration de ses jeunes vignerons (Domaine Femenias, Domaine Couchalou).</p>



<p>Où? Au Foyer de Fontjoncouse (route de Coustouge)<br>Quand? Le samedi 12 octobre à partir de 18h</p>



<p>Présentation (18h), pause gourmande (19h), lectures par le groupe du Printemps des Poètes (20h), scène ouverte.</p>



<p>Contact : <a href="mailto:locus.smile@gmail.com">locus.smile@gmail.com</a></p>



<figure class="wp-block-image size-large"><img loading="lazy" decoding="async" width="800" height="564" src="https://www.locus-solus.org/wp-content/uploads/2020/12/FLYER400_1.jpg" alt="" class="wp-image-16" srcset="https://www.locus-solus.org/wp-content/uploads/2020/12/FLYER400_1.jpg 800w, https://www.locus-solus.org/wp-content/uploads/2020/12/FLYER400_1-300x212.jpg 300w, https://www.locus-solus.org/wp-content/uploads/2020/12/FLYER400_1-768x541.jpg 768w, https://www.locus-solus.org/wp-content/uploads/2020/12/FLYER400_1-600x423.jpg 600w" sizes="auto, (max-width: 800px) 100vw, 800px" /></figure>



<p>CONCOURS DE POESIE</p>



<p>sur le thème : «île ou aile».</p>



<p>Lecture et remise des prix dans le cadre de la manifestation «l&rsquo;Aude et ses poètes».</p>



<p>Un hommage sera rendu à René Depestre le 13 octobre 2018 à Fontjoncouse (Foyer Bernard Boquet) à partir de 18h.</p>



<p>Le concours est ouvert à tous, et à toutes les formes d&rsquo;expression.</p>



<p>Chaque participant peut envoyer ses textes (3 au maximum)à l&rsquo;association Livre au Vent</p>



<p>5, chemin de Plaisance 11360 Fontjoncouse, en indiquant lisiblement son nom, ses coordonnées postales, téléphoniques ou électroniques.</p>



<p>Un chèque de dix euros à l&rsquo;ordre de l&rsquo;association Livre au Vent doit accompagner cet envoi.</p>



<p>Les textes sélectionnés seront lus en public, une publication des textes envoyés sera remise aux participants.</p>



<p>1ier prix: un lot d&rsquo;ouvrages autour de René Depestre et d&rsquo;Haïti et des produits locaux.</p>



<p>Date limite d&rsquo;envoi : 30 septembre 2018</p>



<p>Contact : <a href="mailto:locus.smile@gmail.com">locus.smile@gmail.com</a></p>



<figure class="wp-block-image size-large"><img loading="lazy" decoding="async" width="640" height="451" src="https://www.locus-solus.org/wp-content/uploads/2020/12/flyer10640.jpg" alt="" class="wp-image-17" srcset="https://www.locus-solus.org/wp-content/uploads/2020/12/flyer10640.jpg 640w, https://www.locus-solus.org/wp-content/uploads/2020/12/flyer10640-300x211.jpg 300w, https://www.locus-solus.org/wp-content/uploads/2020/12/flyer10640-600x423.jpg 600w" sizes="auto, (max-width: 640px) 100vw, 640px" /></figure>



<p>Concours de Poésie 2017</p>



<p>« Ce qui nous relie »</p>



<p>L’association Livre au vent, 5, chemin de Plaisance 11360 Fontjoncouse organise un concours de poésie ouvert à toutes les formes d’expression.</p>



<p>Remise des prix, le 7 octobre 2017 à Fontjoncouse, dans le cadre de la manifestation “ Le Vin se Livre, L’Aude et ses poètes”.La journée sera entièrement dédiée à la poésie, avec des rencontres, des lectures, de la musique, et rendra hommage aux poètes de l’Aude, vivants et disparus.</p>



<p>Les gagnants recevront plusieurs lots (des livres, du vin…) les textes sélectionnés par le jury seront publiés dans un ouvrage collectif.</p>



<p>Conditions : envoyer jusqu’au 30 août 2017 à l’association Livre au Vent (5, chemin de Plaisance 11360 Fontjoncouse) deux textes dactylographiés, indiquer au verso : nom, prénom, adresse postale et adresse électronique, en y joignant une participation de 10 euros. Pour tout renseignement :&nbsp;<a href="mailto:locus.smile@gmail.com">locus.smile@gmail.com</a></p>



<p>Bien à vous tous dans l’attente de vous lire !</p>



<p>La présidente de Livre au Vent</p>



<figure class="wp-block-image size-large"><img loading="lazy" decoding="async" width="368" height="479" src="https://www.locus-solus.org/wp-content/uploads/2020/12/IMG_695201.jpg" alt="" class="wp-image-18" srcset="https://www.locus-solus.org/wp-content/uploads/2020/12/IMG_695201.jpg 368w, https://www.locus-solus.org/wp-content/uploads/2020/12/IMG_695201-230x300.jpg 230w" sizes="auto, (max-width: 368px) 100vw, 368px" /></figure>



<figure class="wp-block-image size-large"><img loading="lazy" decoding="async" width="510" height="680" src="https://www.locus-solus.org/wp-content/uploads/2020/12/IMG_694700.jpg" alt="" class="wp-image-19" srcset="https://www.locus-solus.org/wp-content/uploads/2020/12/IMG_694700.jpg 510w, https://www.locus-solus.org/wp-content/uploads/2020/12/IMG_694700-225x300.jpg 225w, https://www.locus-solus.org/wp-content/uploads/2020/12/IMG_694700-450x600.jpg 450w" sizes="auto, (max-width: 510px) 100vw, 510px" /></figure>



<figure class="wp-block-image size-large"><img loading="lazy" decoding="async" width="549" height="798" src="https://www.locus-solus.org/wp-content/uploads/2020/12/affiche_juin_2.jpg" alt="" class="wp-image-20" srcset="https://www.locus-solus.org/wp-content/uploads/2020/12/affiche_juin_2.jpg 549w, https://www.locus-solus.org/wp-content/uploads/2020/12/affiche_juin_2-206x300.jpg 206w, https://www.locus-solus.org/wp-content/uploads/2020/12/affiche_juin_2-413x600.jpg 413w" sizes="auto, (max-width: 549px) 100vw, 549px" /></figure>



<figure class="wp-block-image size-large"><img loading="lazy" decoding="async" width="640" height="480" src="https://www.locus-solus.org/wp-content/uploads/2020/12/Flore_Nazelle00.jpg" alt="" class="wp-image-21" srcset="https://www.locus-solus.org/wp-content/uploads/2020/12/Flore_Nazelle00.jpg 640w, https://www.locus-solus.org/wp-content/uploads/2020/12/Flore_Nazelle00-300x225.jpg 300w, https://www.locus-solus.org/wp-content/uploads/2020/12/Flore_Nazelle00-600x450.jpg 600w" sizes="auto, (max-width: 640px) 100vw, 640px" /></figure>

<p>Présentation et lecture des poètes de l&rsquo;Aude.Quels poètes? D&rsquo;où sont-ils? De Moux? Carcassonne? Narbonne? Fabrezan?Hommage à Jean Lebrau, Paul Pugnaud, Joe Bousquet, Joseph Delteil, Charles Trenet, Peire Vidal, Charles Cros, Pierre Reverdy, René Depestre et quelques autres Avec : l&rsquo;association Livre au Vent, la librairie Le Nom de l&rsquo;homme (Lagrasse), le poète Rémy des Corbières,<a class="moretag" href="https://www.locus-solus.org/index.php/actualite/">Read more</a></p>
